
Let k(w) = -w - 1. Suppose 4*l = 2*p - 4*p + 16, 21 = 5*l + 2*p. Suppose 24 = l*a - a. Calculate k(a).
-7
Let b(x) = 17*x**2 + 7*x - 7. Let j(l) = 9*l**2 + 4*l - 4. Let h(t) = -4*b(t) + 7*j(t). What is h(1)?
-5
Let v = -2 + 1. Suppose 2*n = 2 - 6. Let a(p) = 7*p**2 - p + 7. Let z(l) = -3*l**2 - 3. Let m(r) = n*a(r) - 5*z(r). Give m(v).
0
Let x(c) be the second derivative of -c + c**2 + 0 - 5/6*c**3 + 1/12*c**4. Determine x(3).
-4
Let w(b) be the second derivative of -b**5/10 + b**3/3 + b**2/2 + 8*b. What is w(-1)?
1
Let w(v) = 3*v + 7. Suppose 0 = 2*x + 3*t + 25, x - 4*x + 3*t = 0. Give w(x).
-8
Let r(u) = -u**2 - 1. Let g(q) = 5*q**2 - 2*q + 8. Let b(o) = -g(o) - 6*r(o). Give b(-4).
6
Let z be -4 + 5/(5/(-2)). Let r(k) = -7*k + 8*k**2 - 5*k**2 - 3*k**2 - k**2 - 5. Calculate r(z).
1
Let a be 10/(-25) + 68/(-5). Let f be 2/(-7) - 60/a. Suppose f*b + 8 + 0 = 0. Let d(z) = -z**2 - z - 2. Determine d(b).
-4
Let m(v) = 9*v - 10. Let r be m(1). Let b(n) = 23*n**2 - 1. Determine b(r).
22
Let u be (2 + -6)*(-6)/12. Let b(z) = -z**3 - 3*z**2 + 2*z + 5*z**u - 4*z - 1. Calculate b(2).
-5
Let v(n) = n**3 - 3*n**2 - 5*n + 3. Let d(q) = 9*q - 14. Let o be d(2). What is v(o)?
-1
Let t(q) = 0*q**2 + 5*q - 3*q**2 + 1 + 4*q**2. Let r(a) = 0*a**2 + 0*a**2 - 6 - a**2. Let c be r(0). Determine t(c).
7
Suppose 0 = 3*q - 9, 5*g + 2*q = -3*q - 5. Let w(v) = v**3 + 3*v**2 - 4*v - 4. What is w(g)?
-4
Let z(n) = -n**3 - 3*n**2 + 5*n + 6. Let y be ((-2)/(-2) - -3)/2. Suppose -14 = 4*o + y. Calculate z(o).
2
Let l(r) = 0*r - r**2 + 5*r + 0*r - 6. Let a be l(4). Let c(o) = -o**3 - 3*o**2 - 2*o. Give c(a).
0
Let c(o) = o + 14. Let s be c(-7). Suppose 3 = 5*g - s. Let q(b) = 4*b + b**3 + 0*b + 4*b**2 - 9*b**g. Give q(4).
0
Suppose 0 = 5*s + 2*a - 7, s + 5*a + 3 = 9. Let t(h) = -11*h. Let z(d) = -32*d. Let u(r) = -11*t(r) + 4*z(r). Calculate u(s).
-7
Let h(k) = -13*k**2 - 7*k + 11*k**2 + 3*k**2 + 5. Calculate h(4).
-7
Let p(g) = -1. Let i(f) = -f + 4. Let z(q) = -i(q) - p(q). Let o(n) = -n + 3. Let t(u) = -4*o(u) - 5*z(u). Suppose 0 = -l - l. What is t(l)?
3
Suppose 0 = -13*f + 11*f - 10. Let w(s) = -s**3 - 1 - 4*s**2 - 2*s**2 - 5*s + 8. Calculate w(f).
7
Let n(p) = -4*p. Let d(f) = 3*f**3 + 2*f - 1. Let s be d(1). Let l(g) = 6*g - 3. Let r be l(1). Suppose -s*b = -b + r. Give n(b).
4
Let z(d) = -3*d - 6. Let l(b) = b**2 - 1. Let f(i) = i**2 + 9*i + 1. Let s be f(-9). Let x(t) = s*z(t) - 4*l(t). Let v = 0 - 2. Determine x(v).
-12
Let a(g) be the first derivative of g**4/4 + 4*g**3/3 + g**2 - 4*g - 4. What is a(-3)?
-1
Let b be (-5 - 3/(-1)) + 0. Let y(w) = -w**2 - 4*w - 2. Let t be y(b). Let l(z) = -1 + z**t + 3*z**3 + 0*z**3 - 2*z**3. Give l(-2).
-5
Let i(d) = -d**2 + 8*d - 8. Let f(k) = -k**2 + 7*k. Let c be f(6). Give i(c).
4
Let q(j) = j**3 + 7*j**2 + 5*j - 4. Let i be q(-6). Suppose -2*v - 5 = -5*t, t + i*v + 2*v - 23 = 0. Let b(a) = a**3 - 5*a**2 + 3*a + 3. Determine b(t).
-6
Let k(y) = y**2 + 4*y + 3*y + 4 - y. Let h(b) = -b + 9. Let x be h(13). Let t be k(x). Let p(c) = c**3 + 3*c**2 - 5*c + 1. Calculate p(t).
5
Let h(m) = -2*m**3 + m**2 + 9*m + 7. Let z(g) = -g**3 + 4*g + 3. Let p(d) = -3*h(d) + 7*z(d). Let c(a) = a**2 + 2*a - 6. Let x be c(-3). What is p(x)?
-3
Let y(s) be the second derivative of 5/6*s**3 + 1/24*s**4 + 0 - s**2 - 2*s. Let z(m) be the first derivative of y(m). Calculate z(0).
5
Let v = 129 + -120. Let h(u) = -u**2 + 8*u + 5. What is h(v)?
-4
Let k = 18 + -24. Let u(p) = 8*p**2 - 2*p**2 - 2*p**2 + 2*p**2 + 2*p + 8 + p**3. Determine u(k).
-4
Let i(s) be the third derivative of 1/6*s**4 + 1/2*s**3 - 1/30*s**5 + 0 - 1/120*s**6 + s**2 + 0*s. Let w be (-48)/8*(-1)/(-2). Determine i(w).
0
Suppose 2*h - 5 = t, h + 7*t - 3*t = 7. Let l(f) = 6*f - 4. Determine l(h).
14
Let n(o) be the third derivative of o**5/15 + o**4/24 + o**3/6 + 29*o**2. Give n(-2).
15
Let h(a) = a**3 + 5*a**2 - 6*a + 5. Let m be h(-6). Let k = -10 - -13. Let n(u) = -3*u**2 - 5 + k*u**2 - 9*u + u**2 + 3*u. Give n(m).
-10
Let r(w) = w**3 + 2*w**2 + 1. Suppose 0 = -5*m + 6 - 21. What is r(m)?
-8
Let x(f) be the third derivative of -f**5/60 + f**3/2 - 9*f**2. What is x(4)?
-13
Let g(x) = -5*x + 6. Let f(t) = -4*t + 5. Let u = 9 - 13. Let h(o) = -o**3 - 5*o**2 - 2*o + 2. Let b be h(u). Let z(q) = b*g(q) + 7*f(q). Calculate z(3).
5
Suppose -2 = h - 4. Let k(f) = -4 - 2*f + 2*f + 3*f - f**h + 1. Calculate k(2).
-1
Suppose 0 = o - 5*o + 16. Suppose r - 6 = -2*t, 4*t = -o*r + 8*t - 12. Let n(y) = -y**3 + y**2 - 8. What is n(r)?
-8
Let c(a) = 0*a + 2*a + 2 + 0*a. Let w(b) = -10*b**2 + b - 1. Let k be w(-1). Let v = -14 - k. What is c(v)?
-2
Let a be 1/(-1*4/(-16)). Suppose a = -5*z - 11. Let o(r) = r**2 + 2*r - 2. Calculate o(z).
1
Suppose 12 = -5*b - 3. Let x = 21 + -19. Let a(f) = -1 - 8*f**2 - 2*f + 15*f**2 - 8*f**x. Calculate a(b).
-4
Let l(a) = a**2 + 4*a + 6. Suppose -5*m + 2*s = 77 - 25, 0 = -m - 2*s - 8. Let o = m + 6. Give l(o).
6
Let b = -6 - -8. Suppose -z - 8 = -4*h, h = z + b*h - 7. Let m(w) be the second derivative of -w**3/6 + w**2 + w. Determine m(z).
-2
Let j(k) = -k**3 + 9*k**2 - 7. Let q be (68/(-8))/(-1) + 1/2. Calculate j(q).
-7
Let y(a) = a. Let o(h) = 2*h - 1. Let d(c) = 4*o(c) - 5*y(c). Determine d(-5).
-19
Suppose 5 - 15 = -2*w. Let i(h) be the first derivative of h**3/3 - 2*h**2 - 3*h + 59. Calculate i(w).
2
Let a = 6 + -9. Let k(d) be the second derivative of -1/12*d**4 - d**3 - 3/2*d**2 + 0 - 3*d. Calculate k(a).
6
Let t(x) = -x**2 + 2*x + 7. Let n be t(4). Let h(l) = -22*l**2 + 1. What is h(n)?
-21
Let c(g) = -g**2 - 15*g - 17. Let j be ((-7)/5 - -1)*(-13 - -48). Give c(j).
-3
Let c(y) = -3*y**2 + 3*y - 2. Suppose -4 = 3*l - 2*m - 0, -2*l = -2*m + 6. What is c(l)?
-8
Let h(t) = t**2 + 4*t - 1. Let u(b) = b**3 + 11*b**2 - 11*b + 9. Let p be u(-12). What is h(p)?
-4
Let w(f) = -14 + 8 + 4 + f**2 - f. Calculate w(-2).
4
Let y(p) = 4*p + 36. Let c be y(-10). Let o(w) = -2*w**2 - 4*w + 3. Calculate o(c).
-13
Let w be (-1040)/(-182) + (-4)/(-14). Let y(k) = -2*k**3 + 9*k**2 - 10*k - 13. Let u(q) = q**3 - 5*q**2 + 5*q + 6. Let p(a) = -5*u(a) - 2*y(a). Calculate p(w).
2
Let l be (-10)/(-15) + 76/3. Let o(c) = -2*c**3 + 4*c**2 + 8*c - l + c**3 + 23. Calculate o(5).
12
Let k(q) = -1 - 2*q + 10*q**3 - 17*q**3 + 11*q**3. What is k(-1)?
-3
Let l(j) be the third derivative of -j**6/120 - j**5/10 - j**4/6 + j**3/6 - 61*j**2. Give l(-5).
-4
Suppose k + 4*k + 5*q = -5, -15 = -3*q. Let f(v) = v**3 + 5*v**2 - 7*v - 7. Determine f(k).
-1
Let a(s) = -s**3. Let v(x) = -x**3 - 16*x**2 + 16*x - 16. Let j be v(-17). What is a(j)?
-1
Let x(i) be the third derivative of -i**5/60 - 5*i**4/24 + 2*i**3/3 + 3*i**2. What is x(-5)?
4
Let c(k) = k**3 - k**2 - 3*k + 2. Suppose 5*m - 3*m = -u + 9, 0 = 2*m + 3*u - 19. What is c(m)?
0
Let i(b) = -b**2 - 6*b - 3. Let r be i(-4). Let v(n) = r*n - 2 + 2. Determine v(-1).
-5
Let t(l) be the first derivative of l**4/4 + 2*l**3/3 - l**2/2 + 22. Let a(f) = f**2 - 7*f + 3. Let d = -6 + 12. Let v be a(d). What is t(v)?
-6
Let k(g) = g**3 + 9*g**2 - 3*g**2 - 3 - 11*g**2 + 2*g. What is k(4)?
-11
Let i be (20/(-50))/((-2)/(-5)). Let t(g) = 3*g**3 - 2*g - 1. Calculate t(i).
-2
Let g(h) = h**2 + 3 - h - 7*h**2 + 7*h + h**3. Suppose 4*a = 2*m + 4, -2*m - 4 = m - 4*a. Suppose m = v - 4 - 1. Determine g(v).
8
Let r(j) = 2*j**3 - 2*j + 1. Let q be r(1). Let w = q + 0. Let f(h) be the second derivative of h**3/6 - 2*h + 115. Determine f(w).
1
Let c(k) = 2*k**2 + 2*k. Let b be c(-2). Let t(h) = -10 + 39*h + 0*h**2 + h**2 - 26*h. Let g(y) = -4*y + 3. Let q(z) = b*t(z) + 14*g(z). Determine q(2).
10
Let a be 6/(-2)*2/(-3). Let z(w) = -w**2 - 4*w. Let t be z(-3). Let b(n) = -2 - n + t + 3*n**2 - 4*n**3 + 0*n**2 + 2*n**3. Calculate b(a).
-5
Let u be ((3 - -3)/(-3))/(-2 - -4). Let f(l) be the third derivative of -2*l**5/15 - l**4/12 - l**3/6 - l**2. Give f(u).
-7
Let v(r) = 2*r + 7. Suppose -j - 109 = -4*j + 5*b, -2*j + 66 = -2*b. Suppose -3*z + o - 20 = 0, 2*o = 5*z + 3*o + j. Determine v(z).
-5
Let z(j) = j + 10. Let y(h) = -1. Let a(r) = 2*y(r) + z(r). Let l = -2 - -2. Suppose l = n + n. Calculate a(n).
8
Let o(i) be the first derivative of -i**3/3 + 2*i**2 + i - 4. Let g(f) = f**3 + 8*f**2 - 9*f + 3. Let n be g(-9). Calculate o(n).
4
Let z = 11 - 7. Suppose m = -5*p - z, 